 6. Let w be o(-6). Suppose 2*d + 2*d - 140 = w. Suppose -y = -3*q - 10, -6*y - 3*q + 25 = -2*y. Calculate the greatest common factor of y and d.
7
Suppose -4*h = d + 14, 2*d + 5*h + 26 = 5*d. Suppose -d*m - 3*m = -60. What is the greatest common factor of m and 132?
12
Suppose 2*i = -3 + 5. Let o be 100 + 2/(-3 + i). Let s be (-9 - (-2 - -2))/(-1). Calculate the greatest common divisor of o and s.
9
Let r be ((-12)/15)/((-2)/85). Let j = 76 - r. Calculate the highest common factor of 6 and j.
6
Suppose -j + 0*j + 8 = 0. Suppose 2*r - 2 - j = 0. Suppose -9 = -k - r*w, -5 = -4*k + 2*k + 3*w. What is the greatest common divisor of 12 and k?
4
Let s = 154 + -100. Let c be 4*(s/8 - 1). What is the highest common divisor of 138 and c?
23
Suppose -4*r - r = 10. Let w be (36/3)/(-3)*r. What is the greatest common factor of 16 and w?
8
Suppose 21 = 3*r + 3*h + 6, 4*h = 16. Suppose -2*n + 9 = -n. Calculate the greatest common factor of r and n.
1
Suppose 4*k - 2*u + 46 = 0, 0*u + u = 3*k + 33. Let q = 2 + k. Let y be 36*(q/6 - -2). What is the highest common factor of 60 and y?
12
Suppose -15 = -2*u - 3. Let x = -10 + u. Let f be ((-2)/x)/(4/24). What is the highest common factor of f and 21?
3
Suppose -2*g - 5*s - 21 = 0, 0*s + 3*s + 23 = 4*g. Suppose -g*z - 19 = -2*f + 13, 0 = z. Calculate the highest common divisor of f and 4.
4
Let f(p) = p - 5 + 0*p + 5 + 1. Let l be f(4). What is the highest common divisor of l and 10?
5
Let s be (-27)/18*(-4)/6. Let y be 2/(4/42)*s. Calculate the greatest common divisor of 3 and y.
3
Let o be (-1 - -1) + (2 - 3). Let k be o - ((-2)/(-2) - 11). Suppose -4*z + 0*z = -324. Calculate the greatest common factor of z and k.
9
Let n = -16 + 64. Calculate the greatest common divisor of n and 72.
24
Let v(x) = -7*x**2 + 7*x - 1. Let c be v(3). Let f = c + 113. Calculate the highest common factor of 10 and f.
10
Let m = -3 + 6. Suppose 0 = -m*f - f + 416. Calculate the greatest common factor of 13 and f.
13
Let t(d) = 13*d**2 - 7*d. Let p be t(-3). What is the greatest common divisor of p and 6?
6
Let z = 2 - -1. Suppose 2*h + 12 + 68 = z*v, -52 = -2*v + 2*h. Let g be 1/2 - v/(-8). Calculate the highest common factor of 44 and g.
4
Let a(i) = 5*i - 6. Let m be a(3). Let d = 0 + m. What is the highest common divisor of d and 18?
9
Let c = 33 - -75. What is the greatest common factor of c and 12?
12
Let q be (-47)/9 + 4/18. Let w be 0 - 0 - (-20 - q). Calculate the highest common divisor of 15 and w.
15
Suppose 3*v = -0*v + 36. What is the greatest common divisor of 12 and v?
12
Suppose a - 2*a - 6 = 0. Let c be (3 - 25)*27/a. Calculate the highest common factor of c and 9.
9
Let b(t) be the second derivative of 5*t**4/6 + t**3/6 + t**2/2 - 4*t. Let f be b(-1). Calculate the greatest common divisor of 15 and f.
5
Let t(w) = 3*w - 10. Let c be t(10). What is the greatest common divisor of 10 and c?
10
Suppose -r - 4*c = 7, 0 = 3*r + 3*c - 8*c - 13. Suppose 2*g - 55 = -3*g. Calculate the greatest common divisor of r and g.
1
Suppose 311 = 3*t - 3*h + 80, 0 = t - 4*h - 92. Calculate the greatest common factor of 9 and t.
9
Let v be 2*(0 - (-2)/(-2)). Let u be 23 + 3/(-6)*v. Suppose -2*a + 40 = 3*a. Calculate the greatest common factor of a and u.
8
Let w(t) = t**2 - 4*t. Let u be w(4). Let x be 151 + u/(-4 - -1). Let k = -91 + x. Calculate the greatest common divisor of k and 15.
15
Let w(x) = x + 18. Let f = 4 - 4. Suppose 4*j + 0*j + 32 = f. Let m be w(j). What is the highest common divisor of m and 2?
2
Let d = 27 + -17. Suppose -4 = i - 6. What is the highest common factor of d and i?
2
Let m be (-16)/(-6) - (-1)/3. Suppose 5*j = 3*q + 544, m*q + 2 = 8. Calculate the highest common divisor of j and 22.
22
Let c(x) = 3*x - 2. Let p(n) = 1. Let z(b) = -c(b) - 3*p(b). Let j be z(-9). Calculate the greatest common factor of 65 and j.
13
Suppose -3*a - 42 = -5*a + j, -46 = -2*a - j. What is the greatest common divisor of a and 11?
11
Let z be (68/5)/(138/45 - 3). What is the greatest common divisor of z and 12?
12
Suppose -72 = -6*r - 0*r. What is the highest common divisor of r and 12?
12
Suppose 2*t = 6*t. Suppose t = z + 2*z - 105. What is the greatest common divisor of z and 5?
5
Let a = 26 + -4. Calculate the highest common factor of a and 2.
2
Suppose 5*x + 4*t = 30, 0 = 4*x - t - 39 - 6. What is the greatest common factor of 170 and x?
10
Suppose k + 3 = z - 8, 2*z - k = 17. What is the greatest common divisor of 48 and z?
6
Suppose -4*y - 46 = 66. Let v be y/(-3) + (-18)/(-27). Suppose -x + v = 4. What is the highest common factor of x and 42?
6
Suppose -84 = -x - 0*x. Let c = x + -48. What is the greatest common factor of c and 24?
12
Let h(d) = d**2 + 6. Suppose -3*r = -2*r. Let i be h(r). Calculate the highest common divisor of i and 2.
2
Let i = 36 + -9. What is the highest common divisor of i and 27?
27
Let d be -2 + 22 + 1*-2. Suppose 2*n = 6 - 2. Calculate the highest common divisor of d and n.
2
Let a = 4 - -4. Calculate the highest common factor of a and 40.
8
Let k(x) = -1. Suppose 0*a = -5*a + 5. Let t(s) = s + 5. Let u(m) = a*k(m) + t(m). Let h be u(-3). What is the greatest common factor of 7 and h?
1
Let y = 23 + -12. Let u = 2 - 2. Suppose u*z - 4*z = -396. What is the highest common factor of y and z?
11
Suppose 0 = 4*a - 3*a - 8. Suppose -2 = -5*o + 38. What is the highest common divisor of a and o?
8
Let i(f) = -f**3 + 7*f**2 + 9*f. Let h be i(7). Suppose -2*c - 5*v = -h, 3*c = -v - 10 + 85. Let d = 4 - -2. What is the greatest common divisor of c and d?
6
Let k = -272 + 745. Calculate the greatest common factor of k and 43.
43
Let p(r) = -20*r - 6. Let x be p(-3). What is the highest common factor of 27 and x?
27
Suppose 3*a - 371 = 4*r + 246, -4*r = -4. Calculate the greatest common factor of 23 and a.
23
Let m(j) = 5*j - 17. Let s be m(4). Calculate the greatest common divisor of 6 and s.
3
Let o be 1*(-1 + 2 + 0). Let j = 5 - 8. Let i be (2/j)/(10/(-15)). What is the highest common divisor of i and o?
1
Let c(w) = -27*w**3 + 2*w**2 + w. Let z be c(-1). Let l = 53 - z. What is the highest common divisor of 5 and l?
5
Suppose m + 2*o = 3*m - 44, 0 = 3*o - 9. Calculate the greatest common divisor of 10 and m.
5
Let p(f) = -f**2 - 5*f + 6. Let r be p(-5). Let k(y) = 17*y**2 - y + 2. Let g be k(1). What is the greatest common divisor of g and r?
6
Suppose -7*s = -3*s. Suppose s = 2*p - 7*p + 75. Suppose 3*u - 438 = -4*o, -o = -2*u - 4*o + 291. What is the highest common factor of u and p?
15
Suppose 1 = x - 10. Calculate the highest common factor of x and 33.
11
Let t(u) = 6*u**2 + 3*u - 15. Let m be t(-5). What is the greatest common factor of m and 24?
24
Let c be 5 + -1 + (-6 - -21). Let p = 50 + -31. Calculate the greatest common factor of c and p.
19
Let a be 144/10 + 4/(-10). Let g(i) = 160*i - 6. Let x be g(1). What is the greatest common divisor of a and x?
14
Let p = -8 - 6. Let g = -8 - p. Let c(x) = 48*x**3 - x + 1. Let j be c(1). Calculate the highest common divisor of g and j.
6
Let h(u) = u**3 - 7*u**2 + 6*u - 6. Let v be h(7). Calculate the highest common factor of v and 24.
12
Let p(r) = 7*r**2 + 2*r + 4. Let i(b) = 15*b**2 + 5*b + 7. Let t(z) = -6*i(z) + 13*p(z). Let a be t(9). Calculate the greatest common factor of 22 and a.
11
Let k = -7 + 4. Let d be (k - 0)/3*22. Let y = -15 - d. Calculate the greatest common factor of 14 and y.
7
Suppose 5 = -5*n, 28 = 3*i + n - 2*n. Let g(l) = -l**3 - 24*l**2 - 63*l + 6. Let b be g(-21). Calculate the greatest common factor of i and b.
3
Let z(x) = 31*x - 21. Let g be z(12). What is the greatest common divisor of g and 39?
39
Let d(v) = v**3 + v**2 + 5*v + 2. Let y be d(7). Let z be y/15 + (-3)/5. Calculate the highest common divisor of z and 42.
14
Let i be 86/(-10) - 12/(-20). Let h be 3/4 + (-18)/i. Suppose -l = 3, -h*t - l + 4*l = -33. Calculate the highest common factor of t and 16.
8
Suppose 0 = -3*k - 11 + 95. What is the greatest common factor of 42 and k?
14
Suppose -5*q - 18 = 42. Let f be q/(-8) - 1/(-2). Suppose f*t = -1 + 89. Calculate the greatest common factor of t and 11.
11
Suppose 4*u = 5*f + 49, -3*f + 118 - 29 = 5*u. Calculate the greatest common divisor of u and 128.
16
Suppose 4*k - 12 = 12. Let o(r) = 2*r**2 - 7*r - 6.